2*h. What is the greatest common factor of h and 4?
4
Let i(l) = l + 11. Suppose -y + 3*y = -w - 20, -3*w = -y + 4. Let j be i(y). Calculate the highest common divisor of 33 and j.
3
Suppose 2*v + 5 = 19. What is the highest common factor of v and 1?
1
Let r be (-72)/21*(-7 + 0). Let o(w) = -15*w. Let g be o(-4). What is the highest common factor of g and r?
12
Suppose 4*h - 7*h = -144. Calculate the greatest common factor of h and 16.
16
Let w(c) = -2*c - 5. Let f(z) = 9*z + 24. Let i(o) = -5*f(o) - 24*w(o). Let l be i(5). What is the highest common divisor of l and 120?
15
Suppose -3*v - 3 = -63. Suppose -v = 2*o - 60. What is the greatest common factor of o and 220?
20
Let w be (-43 + 13)*1/(-2). What is the greatest common divisor of 195 and w?
15
Let d be (-28)/6*(0 + -36). Suppose 13*c = 8*c + 105. What is the greatest common factor of c and d?
21
Let l be 91/3 + 6/(-18). Suppose 43 = -3*b + 268. What is the highest common factor of b and l?
15
Suppose -9*c + 130 = -4*c. Calculate the highest common divisor of 390 and c.
26
Let r(i) = -43*i. Let t be r(1). Let s be ((-14)/(-6))/((-3)/(-81)). Let u = t + s. Calculate the greatest common divisor of 30 and u.
10
Suppose 3*w - 2*n - 27 = -0*n, 16 = 4*w + 4*n. What is the greatest common divisor of 49 and w?
7
Let l(r) = -r**2 - 7*r - 4. Let h be l(-6). Let z be 183/h - (-6)/(-4). Let d be -3*5*14/(-21). What is the greatest common factor of z and d?
10
Let b(u) = -u**3 + u + 4. Let t be b(0). Suppose 0 = 4*k - 2*w - 34, 3*k - 3*w = -t*w + 23. What is the greatest common factor of k and 20?
4
Let i be 4*(-5)/4*-3. Calculate the highest common factor of 135 and i.
15
Let y(x) = x. Let g be y(4). Let v = 9 - g. What is the greatest common divisor of v and 10?
5
Suppose -s + 19 = s + y, 3*s - y - 36 = 0. Suppose -t = o - 114, -2*o + 211 = t - 13. What is the greatest common divisor of o and s?
11
Let v(t) = 5*t + 6. Let z be v(7). Suppose 0*f + 18 = 6*f. Suppose z = f*m + 17. What is the greatest common factor of m and 12?
4
Let o be (-27)/54*(-8)/2. What is the highest common divisor of 2 and o?
2
Let h be (5388/(-4) - 0) + -1. Suppose 2*p + p = 6. Let g be h/(-14) - p/7. What is the highest common divisor of 12 and g?
12
Let l = -3 - -5. Let p be (-30)/4 - l/(-4). Let n = p - -25. Calculate the greatest common factor of n and 12.
6
Let x be 2 - (1 + (3 - 2)). Let b(y) = y**2 - y + 127. Let q be b(x). Suppose q = 5*g - 73. What is the greatest common factor of 16 and g?
8
Let v = 19 + -4. Suppose 2*y = 4, -w - 2*y - 6 = -3*w. Calculate the highest common divisor of w and v.
5
Suppose 0 = 2*s - 3*s + 3*k + 89, 0 = 4*s + 5*k - 373. Let f = s - 164. Let v be f/(-7) + 2/(-7). Calculate the highest common divisor of 30 and v.
10
Suppose 114 + 78 = 2*x. Suppose 2*l = -l + 6. Let c(q) = 2*q**3 - q**2. Let d be c(l). What is the highest common divisor of x and d?
12
Suppose 0 = y - 2*y + 16. What is the greatest common factor of 16 and y?
16
Let h = -85 - -94. What is the greatest common factor of h and 2?
1
Let h(v) = -v**2 + 9*v + 4. Suppose 2*i + 1 - 14 = -3*z, -5*z = -5*i - 55. Let k be h(z). What is the highest common factor of 27 and k?
9
Let i = 9 - -21. Let u(a) = a**3 + 7*a**2 - 6*a - 9. Let k be u(-3). What is the greatest common factor of i and k?
15
Let a be 3 + 0 - (10 - 17). What is the greatest common factor of a and 90?
10
Suppose -5*o + 76 = 11. Let l = 21 - o. Calculate the highest common divisor of 32 and l.
8
Let w(z) = -z + 1. Let a(b) = -8*b + 12. Let l(t) = -a(t) + 2*w(t). Let k be l(11). What is the greatest common divisor of k and 8?
8
Let m(c) = c**3 + 13*c**2 + 21. Let s be m(-13). Let i(r) = r**2 - 3*r + 3. Let b be i(3). What is the highest common factor of b and s?
3
Suppose -4*c = -8*c + 52. Suppose -2*k - 3*r = -334, 3*k - 4*r - 271 = 196. Let w = -96 + k. Calculate the greatest common factor of w and c.
13
Suppose -2 = 3*p + 2*n - 7, -2*n = -2*p + 10. What is the greatest common factor of 6 and p?
3
Suppose -7*a = -27 - 36. What is the highest common divisor of 9 and a?
9
Let i be (3 - 1)/((-7)/28). Let c(o) = o**3 + 9*o**2 + 5*o + 1. Let z be c(i). Let s be (-2 - -6)/2 + z. Calculate the highest common divisor of s and 9.
9
Let l = -79 - -196. Let k(c) = c**2 - c + 13. Suppose 0 = 3*w + w. Let m be k(w). Calculate the greatest common divisor of m and l.
13
Suppose -2*w + 2 = -0. Let p(j) = 0*j + 1 + j + w. Let i be p(-1). What is the greatest common factor of 8 and i?
1
Suppose 2*s + 13 = 5, 0 = -3*f - 5*s + 244. Suppose 0*m = 3*m - 33. Calculate the highest common divisor of m and f.
11
Let q be (34/(-8) + 3)*(-12)/1. What is the highest common factor of 165 and q?
15
Let a(j) = 2*j + 17. Let s be a(-5). What is the greatest common divisor of 77 and s?
7
Let u be (-4)/(-6) + (-86)/(-6). Suppose -4*g + 4 = -4*z, -2*g + 1 = -z - 2*z. Let t be 2 - (2 - 15/z). What is the highest common divisor of t and u?
15
Suppose -7*r = -104 + 27. Suppose -c - 5*s = -s + r, 4*c - 12 = -2*s. Calculate the highest common divisor of c and 5.
5
Let j be (-3)/(-5) - (-2055)/75. Calculate the greatest common factor of 7 and j.
7
Let o be (-6)/(-1*(1 + 1)). Let x be 3/o + (7 - -1). What is the highest common divisor of x and 90?
9
Suppose 3*g + 3*g = 54. What is the greatest common divisor of g and 12?
3
Let p be -1*(-1)/4*-4. Let v be (p - -123) + (-2 - 0). Calculate the greatest common factor of 48 and v.
24
Let r(i) = -i + 24. Let y be 53/5 + (-2)/(-5). Let f be r(y). What is the greatest common divisor of 91 and f?
13
Let b(x) = -3*x + 4. Suppose 0 = -m + 3*y - 5 - 4, -2*m = -4*y + 18. Let w be b(m). Calculate the greatest common divisor of 31 and w.
31
Let m = -641 + 1297. Suppose 2*k + 260 = m. What is the highest common factor of k and 22?
22
Let r(a) = -a**2 + 11*a - 16. Let q be r(9). Calculate the greatest common factor of q and 8.
2
Suppose 5 = 4*w + 17. Let b = 23 + w. Calculate the highest common factor of b and 5.
5
Suppose -5*f = -2*f - 57. Let n(o) = 4*o**2 - o - 1. Let l be n(-3). What is the highest common divisor of f and l?
19
Suppose -5*q = -351 + 71. Let b be 4/(-14) - (-6736)/q. Calculate the highest common divisor of b and 24.
24
Suppose p = -4*z + 21, p - 9 = 4*z - 5*z. Let m(d) = 51*d + 5*d**2 - 4*d**2 - 53*d + 7*d**2. Let g be m(z). What is the greatest common factor of 15 and g?
15
Let i(d) = -2*d**3 + 3*d**3 + 4 + 6*d - d + 6*d**2. Let l be i(-5). Let r be (-759)/(-6) + (-2)/l. Calculate the greatest common divisor of r and 14.
14
Suppose -5*y + 28 = -32. Let g = 103 - -5. Calculate the greatest common factor of g and y.
12
Suppose 2*o = 12 - 4, -4*m + 608 = -o. What is the highest common divisor of 17 and m?
17
Let d(c) = 9*c**3 + c**2 + 4. Let q be d(2). What is the highest common divisor of q and 10?
10
Let z(j) = 9*j - 8. Let n be z(8). Suppose t - 4*t + 3*r = -36, -4*r + 64 = 3*t. Calculate the greatest common factor of n and t.
16
Let c be -1 + 1*(10 + -3). Let j(d) = -3*d**2 + 4*d**2 + 1 - 4 - d. Let z be j(c). Calculate the highest common factor of 9 and z.
9
Suppose -j + 15 = 2*x, -3*j + 3*x + 28 + 8 = 0. Calculate the highest common factor of 91 and j.
13
Let g be (2/3)/((-2)/129). Let i = g - -61. What is the greatest common factor of 2 and i?
2
Let i be 43*1*(-3)/(-3). Let k = -25 + i. What is the greatest common factor of 6 and k?
6
Let o = 7 - -61. Suppose -2*j + 5*k - 20 = -4*j, -3*k = 4*j - o. What is the greatest common factor of j and 5?
5
Let z be 0/(-1 + -1 + 5). Suppose z = 2*n - 4*n + 56. What is the highest common factor of 7 and n?
7
Suppose -42 = 2*m - 5*m. What is the greatest common factor of 154 and m?
14
Suppose -2*j + 61 = 2*w + j, -2*j - 6 = 0. Suppose 5*p = 2*p + 9. Suppose -p*z - z = -20. Calculate the greatest common factor of z and w.
5
Let d(o) = -o**2 + 6*o - 1. Let s be d(5). Let b be 4/(-2)*(-5)/2. Suppose -k + b*k = s. Calculate the highest common divisor of k and 1.
1
Let a be 3 + -4 + 2/1. Calculate the highest common factor of a and 5.
1
Suppose -5*p + 19*p - 84 = 0. What is the highest common divisor of 2 and p?
2
Suppose -3*i + 25 = -n, 2*i + n + 5 = 6*n. Let w = 5 + -3. Suppose -w*m + 180 = -0*m. What is the highest common factor of i and m?
10
Let j be (-1)/2*(7 - 79). What is the highest common divisor of j and